{"id":17,"date":"2021-03-25T10:47:30","date_gmt":"2021-03-25T15:47:30","guid":{"rendered":"https:\/\/dev.residencemurray.com\/?page_id=17"},"modified":"2021-05-04T14:04:32","modified_gmt":"2021-05-04T19:04:32","slug":"contact","status":"publish","type":"page","link":"https:\/\/dev.residencemurray.com\/index.php\/contact\/","title":{"rendered":"Une Visite s&rsquo;impose !"},"content":{"rendered":"\n<p class=\"has-black-color has-text-color has-medium-font-size\">En tout temps, vous pouvez nous rejoindre au 819-569-8988. <\/p>\n\n\n\n<p class=\"has-black-color has-text-color\">C&rsquo;est avec plaisir que Mme Desrosiers ou Mme Guilbard r\u00e9pondront \u00e0 vos questions et organiseront une visite de la R\u00e9sidence au cours de laquelle vous en apprendrez plus sur tous les services et soins que nous pouvons vous offrir.<\/p>\n\n\n\n<p><a rel=\"noreferrer noopener\" href=\"http:\/\/[contact-form-7 id=&quot;121&quot; title=&quot;Besoin d'informations ?&quot;]\" target=\"_blank\">[contact-form-7 id=\u00a0\u00bb121&Prime; title=\u00a0\u00bbBesoin d&rsquo;informations ?\u00a0\u00bb]<\/a><\/p>\n","protected":false},"excerpt":{"rendered":"<p>En tout temps, vous pouvez nous rejoindre au 819-569-8988. C&rsquo;est avec plaisir que Mme Desrosiers ou Mme Guilbard r\u00e9pondront \u00e0 vos questions et organiseront une visite de la R\u00e9sidence au cours de laquelle vous en apprendrez plus sur tous les services et soins que nous pouvons vous offrir. [contact-form-7 id=\u00a0\u00bb121&Prime; title=\u00a0\u00bbBesoin d&rsquo;informations ?\u00a0\u00bb]<\/p>\n","protected":false},"author":1,"featured_media":0,"parent":0,"menu_order":0,"comment_status":"closed","ping_status":"closed","template":"","meta":{"footnotes":""},"class_list":["post-17","page","type-page","status-publish","hentry"],"_links":{"self":[{"href":"https:\/\/dev.residencemurray.com\/index.php\/wp-json\/wp\/v2\/pages\/17","targetHints":{"allow":["GET"]}}],"collection":[{"href":"https:\/\/dev.residencemurray.com\/index.php\/wp-json\/wp\/v2\/pages"}],"about":[{"href":"https:\/\/dev.residencemurray.com\/index.php\/wp-json\/wp\/v2\/types\/page"}],"author":[{"embeddable":true,"href":"https:\/\/dev.residencemurray.com\/index.php\/wp-json\/wp\/v2\/users\/1"}],"replies":[{"embeddable":true,"href":"https:\/\/dev.residencemurray.com\/index.php\/wp-json\/wp\/v2\/comments?post=17"}],"version-history":[{"count":4,"href":"https:\/\/dev.residencemurray.com\/index.php\/wp-json\/wp\/v2\/pages\/17\/revisions"}],"predecessor-version":[{"id":125,"href":"https:\/\/dev.residencemurray.com\/index.php\/wp-json\/wp\/v2\/pages\/17\/revisions\/125"}],"wp:attachment":[{"href":"https:\/\/dev.residencemurray.com\/index.php\/wp-json\/wp\/v2\/media?parent=17"}],"curies":[{"name":"wp","href":"https:\/\/api.w.org\/{rel}","templated":true}]}}